 when 2198 is divided by 198?
20
Calculate the remainder when 85 is divided by 7.
1
What is the remainder when 469 is divided by 21?
7
Calculate the remainder when 111 is divided by 9.
3
What is the remainder when 636 is divided by 10?
6
What is the remainder when 612 is divided by 48?
36
Calculate the remainder when 158 is divided by 27.
23
What is the remainder when 13843 is divided by 26?
11
What is the remainder when 2063 is divided by 21?
5
Calculate the remainder when 17998 is divided by 150.
148
What is the remainder when 234 is divided by 72?
18
Calculate the remainder when 1182 is divided by 5.
2
What is the remainder when 224 is divided by 117?
107
Calculate the remainder when 11566 is divided by 12.
10
Calculate the remainder when 7785 is divided by 34.
33
Calculate the remainder when 98 is divided by 34.
30
Calculate the remainder when 508 is divided by 34.
32
What is the remainder when 77270 is divided by 104?
102
Calculate the remainder when 78648 is divided by 242.
240
What is the remainder when 292 is divided by 35?
12
What is the remainder when 67 is divided by 14?
11
Calculate the remainder when 254 is divided by 17.
16
What is the remainder when 1439 is divided by 120?
119
Calculate the remainder when 1037 is divided by 26.
23
What is the remainder when 493 is divided by 159?
16
What is the remainder when 1318 is divided by 33?
31
What is the remainder when 329 is divided by 9?
5
What is the remainder when 7690 is divided by 7?
4
Calculate the remainder when 776 is divided by 263.
250
What is the remainder when 296 is divided by 58?
6
What is the remainder when 6845 is divided by 163?
162
What is the remainder when 576 is divided by 48?
0
Calculate the remainder when 388 is divided by 126.
10
Calculate the remainder when 23027 is divided by 14.
11
Calculate the remainder when 451 is divided by 219.
13
Calculate the remainder when 282 is divided by 73.
63
What is the remainder when 5290 is divided by 36?
34
Calculate the remainder when 88 is divided by 24.
16
Calculate the remainder when 471 is divided by 4.
3
What is the remainder when 8525 is divided by 41?
38
What is the remainder when 138 is divided by 21?
12
What is the remainder when 496 is divided by 114?
40
What is the remainder when 406 is divided by 17?
15
Calculate the remainder when 546 is divided by 11.
7
Calculate the remainder when 2197 is divided by 11.
8
Calculate the remainder when 94 is divided by 12.
10
What is the remainder when 1162 is divided by 311?
229
Calculate the remainder when 80 is divided by 50.
30
What is the remainder when 411 is divided by 18?
15
Calculate the remainder when 7217 is divided by 5.
2
What is the remainder when 245 is divided by 8?
5
Calculate the remainder when 467 is divided by 32.
19
Calculate the remainder when 4045 is divided by 44.
41
What is the remainder when 827 is divided by 19?
10
Calculate the remainder when 373 is divided by 65.
48
What is the remainder when 1101 is divided by 13?
9
What is the remainder when 552 is divided by 28?
20
What is the remainder when 3181 is divided by 30?
1
What is the remainder when 609 is divided by 78?
63
What is the remainder when 63 is divided by 25?
13
Calculate the remainder when 200 is divided by 18.
2
What is the remainder when 23 is divided by 16?
7
What is the remainder when 840 is divided by 279?
3
Calculate the remainder when 79 is divided by 19.
3
Calculate the remainder when 24749 is divided by 14.
11
Calculate the remainder when 172 is divided by 7.
4
Calculate the remainder when 43 is divided by 13.
4
What is the remainder when 83904 is divided by 485?
484
What is the remainder when 499 is divided by 113?
47
What is the remainder when 2611 is divided by 9?
1
Calculate the remainder when 591 is divided by 54.
51
What is the remainder when 961 is divided by 161?
156
Calculate the remainder when 3086 is divided by 3071.
15
Calculate the remainder when 4065 is divided by 12.
9
Calculate the remainder when 152 is divided by 12.
8
Calculate the remainder when 171 is divided by 66.
39
Calculate the remainder when 751 is divided by 189.
184
What is the remainder when 56 is divided by 3?
2
What is the remainder when 950 is divided by 234?
14
What is the remainder when 612 is divided by 184?
60
What is the remainder when 28 is divided by 15?
13
What is the remainder when 232 is divided by 75?
7
What is the remainder when 54 is divided by 52?
2
What is the remainder when 71 is divided by 8?
7
Calculate the remainder when 119 is divided by 45.
29
What is the remainder when 2741 is divided by 67?
61
Calculate the remainder when 116 is divided by 17.
14
Calculate the remainder when 109 is divided by 83.
26
What is the remainder when 185 is divided by 17?
15
What is the remainder when 803 is divided by 396?
11
Calculate the remainder when 583 is divided by 9.
7
What is the remainder when 8652 is divided by 8?
4
What is the remainder when 149 is divided by 148?
1
What is the remainder when 6746 is divided by 43?
38
Calculate the remainder when 2646 is divided by 51.
45
Calculate the remainder when 21164 is divided by 415.
414
What is the remainder when 117 is divided by 7?
5
Calculate the remainder when 125 is divided by 27.
17
Calculate the remainder when 903 is divided by 199.
107
What is the remainder when 799 is divided by 195?
19
Calculate the remainder when 144 is divided by 5.
4
What is the remainder when 103 is divided by 20?
3
Calculate the remainder when 3958 is divided by 88.
86
What is the remainder when 162 is divided by 66?
30
Calculate the remainder when 219 is divided by 51.
15
Calculate the remainder when 770 is divided by 382.
6
What is the remainder when 681 is divided by 655?
26
Calculate the remainder when 123 is divided by 6.
3
What is the remainder when 1694 is divided by 74?
66
What is the remainder when 20662 is divided by 168?
166
Calculate the remainder when 2994 is divided by 28.
26
Calculate the remainder when 1279 is divided by 206.
43
What is the remainder when 243 is divided by 58?
11
Calculate the remainder when 226 is divided by 12.
10
What is the remainder when 615 is divided by 160?
135
Calculate the remainder when 790 is divided by 11.
9
Calculate the remainder when 33 is divided by 13.
7
Calculate the remainder when 213 is divided by 27.
24
Calculate the remainder when 51 is divided by 33.
18
Calculate the remainder when 5465 is divided by 39.
5
Calculate the remainder when 459 is divided by 134.
57
Calculate the remainder when 77 is divided by 64.
13
Calculate the remainder when 227 is divided by 79.
69
What is the remainder when 13433 is divided by 20?
13
Calculate the remainder when 3021 is divided by 117.
96
What is the remainder when 242 is divided by 86?
70
Calculate the remainder when 515 is divided by 11.
9
Calculate the remainder when 31 is divided by 12.
7
What is the remainder when 567 is divided by 57?
54
What is the remainder when 3955 is divided by 40?
35
Calculate the remainder when 212 is divided by 77.
58
What is the remainder when 413 is divided by 410?
3
Calculate the remainder when 1374 is divided by 125.
124
What is the remainder when 111 is divided by 49?
13
What is the remainder when 3475 is divided by 79?
78
What is the remainder when 21748 is divided by 125?
123
What is the remainder when 1513 is divided by 84?
1
Calculate the remainder when 179 is divided by 60.
59
What is the remainder when 223 is divided by 105?
13
What is the remainder when 678 is divided by 11?
7
What is the remainder when 528 is divided by 53?
51
What is the remainder when 73 is divided by 15?
13
What is the remainder when 3021 is divided by 84?
81
What is the remainder when 7634 is divided by 83?
81
Calculate the remainder when 889 is divided by 203.
77
Calculate the remainder when 91 is divided by 24.
19
What is the remainder when 1274 is divided by 636?
2
Calculate the remainder when 253 is divided by 81.
10
What is the remainder when 138 is divided by 45?
3
What is the remainder when 728 is divided by 105?
98
What is the remainder when 66 is divided by 54?
12
What is the remainder when 483 is divided by 22?
21
What is the remainder when 102 is divided by 23?
10
What is the remainder when 747 is divided by 108?
99
Calculate the remainder when 11